- 3 - -3). Calculate the remainder when (-1 + 4)*25 + w is divided by 20.
19
What is the remainder when 659 is divided by 38 - (-10)/4*(-84)/(-35)?
43
Suppose -3*d - 34 - 25 = -2*w, 0 = 2*w - 5*d - 53. Calculate the remainder when 59 is divided by w.
25
Suppose g - 66 = -4*n, 28*n - 66 = -g + 32*n. Calculate the remainder when 987 is divided by g.
63
Suppose 4*o - 5*z + 3*z - 12 = 0, o - 17 = -3*z. Suppose 5*c - 52 = -3*p + 125, 0 = 5*p - o*c - 295. Calculate the remainder when p is divided by 6.
5
Let j = 157 - 78. Suppose -u - 4*x - 77 = -121, 2*u + x = 46. Calculate the remainder when j is divided by u.
19
Let j be (-25)/(-10) + (-3)/6. Let l = -3 + 6. Suppose 4*m - 143 = -l*y, -2*m + j*y + 79 = 5*y. Calculate the remainder when m is divided by 11.
10
Suppose r = 1 + 7. Suppose c = -c + r. Suppose c*d - 11 = -3, -34 = -2*o - 4*d. Calculate the remainder when o is divided by 8.
5
Let k be -1 + -3 + 46 + -2. Suppose -o + k = -7. What is the remainder when o is divided by 17?
13
Suppose -3*g + 5*k + 1545 = 2*g, -3*g - 4*k + 927 = 0. What is the remainder when g is divided by 39?
36
Suppose -4*d = -6*a - 122, 55 = 2*d - 3*a + 2*a. What is the remainder when 180 is divided by d?
24
Suppose 0 = -5*o + 4*s - 0*s + 69, 5*o + 5*s - 105 = 0. Calculate the remainder when 492 is divided by o.
16
Let p be ((-8)/(-6))/1*3. Suppose 0 = -4*q + 2*t + 98 + 56, 2*t = -p*q + 150. Let n = -268 - -276. Calculate the remainder when q is divided by n.
6
Suppose -13*v + 2*v = -99. Suppose v*u - 235 - 170 = 0. What is the remainder when u is divided by 24?
21
Suppose -4*k - 3*d + 2 = -83, 4*k + d = 79. Calculate the remainder when k is divided by (-1)/(0 - 1/7).
5
Suppose 8*k + 16 - 80 = 0. What is the remainder when 60 is divided by k?
4
Suppose -5*t = -13*t - 144. Calculate the remainder when 3*(26/(-6))/(6/t) is divided by 5.
4
Let k(q) = q**3 - 17*q**2 + 23*q - 9. What is the remainder when k(16) is divided by 4?
3
Calculate the remainder when 56 is divided by ((-1)/(-4)*124)/1.
25
Let y = 1846 - 1661. What is the remainder when y is divided by 31?
30
Suppose -25 = -5*u - 2*j, 4*j + 24 + 1 = 5*u. Suppose u*g - 46 = 4. Calculate the remainder when 47 is divided by g.
7
Suppose -5*n - 3*y + 2*y + 73 = 0, 4*n + 3*y - 54 = 0. What is the remainder when 9 + -6 - (1 + -42) is divided by n?
14
Let n = 1420 - 1200. Calculate the remainder when n is divided by 46.
36
Let g = 1795 + -1615. What is the remainder when 362 is divided by g?
2
Calculate the remainder when ((-18)/171 - 7376/(-38)) + 6 is divided by 30.
20
Let b = 542 + -518. Calculate the remainder when 357 is divided by b.
21
Suppose 4*j - a - 276 = -3*a, -4*j - a = -272. Let y = j + -39. Calculate the remainder when ((-4)/(-2))/((-7)/(-189)) is divided by y.
26
Suppose 5*g + 2*g + 14 = 0. What is the remainder when 18 is divided by (0 + 0 + -22)/g?
7
Suppose -5*z - 3*k + 734 = 0, 0*z + k = 3*z - 432. What is the remainder when z is divided by 19?
12
Suppose -500 = -q + 2*k - 114, 0 = -k + 5. Calculate the remainder when q is divided by 13.
6
Let r = 13 + 17. Let k = 54 - r. Suppose -u = -2*u + k. What is the remainder when 71 is divided by u?
23
Suppose 4*d = 4*l - 92, -d = -4*l + 9*l - 121. What is the remainder when 45 is divided by l?
21
Let h(n) = -23*n + 430. What is the remainder when h(17) is divided by 8?
7
Let k(o) = 63*o - 1. Suppose 5 + 2 = -5*m - 3*q, 3*m - 3*q = 15. What is the remainder when k(m) is divided by 21?
20
Let l(y) be the first derivative of 2*y**2 + 5*y + 1/3*y**3 + 4. Calculate the remainder when 7 is divided by l(-4).
2
Suppose 2*u - 5 = -57. Let p = u + 35. Let t(q) = 2*q**2 + 4*q + 4. Calculate the remainder when t(-5) is divided by p.
7
Suppose y = 7*y - 192. Let a = -2 - -19. What is the remainder when y is divided by a?
15
Let m(y) = 120*y**2 - y - 19. Calculate the remainder when m(-3) is divided by 11.
8
Let y be 5/(-1 + 2/1). Suppose -4*f = n - 554, 4*f + 0*n - y*n = 566. Calculate the remainder when f is divided by 38.
25
Let z(m) = m + 4. Let o be z(-8). Suppose -640 = 30*l - 50*l. What is the remainder when l is divided by (11 + o)*(2 + -1)?
4
Let z be (-84)/(-18) + 2/6. Let x = 64 - 47. Let k = x - z. Calculate the remainder when k is divided by 5.
2
Let b be 2/(-5)*(-1 - 4). Suppose -b*s = s - 69. What is the remainder when s is divided by (2/(-4) + 0)/((-2)/52)?
10
Let j(v) = -18 + 9*v**2 + 5*v - 11 - v**3 + 4*v. What is the remainder when j(9) is divided by 6?
4
Let p(u) = -2*u + 17. Let i = -2 - -5. Suppose -i*o + 14 = -o. Calculate the remainder when p(-5) is divided by o.
6
Let c(v) = -v**3 + 7*v**2 - 6*v + 16. Let p be c(6). Suppose -p*l = -11*l - 90. Suppose t - 10 = -0*t. Calculate the remainder when l is divided by t.
8
Let j(f) = -f**3 + 17*f**2 - 30*f + 7. Calculate the remainder when 1706 is divided by j(4).
91
Suppose -17*a = -12*a. Suppose -g + 5*w = -29, a*g - 4*w - 4 = 4*g. Suppose 0 = -g*c + 6*c - 62. Calculate the remainder when c is divided by 18.
13
Let u = -1109 + 1332. What is the remainder when u is divided by 15?
13
Let j = 267 + -187. What is the remainder when j is divided by 17?
12
Suppose 3*c = 4*c - 1. Let o be 1/5 + c/(-5). Suppose 3*s + 2*l - 11 = 15, o = -5*s + 4*l + 36. Calculate the remainder when 21 is divided by s.
5
Suppose 0*m - 3*m + 48 = 0. Suppose 0 = 6*f + 13*f + 2*f - 651. Calculate the remainder when f is divided by m.
15
Let j = 9 + 10. Let h = 775 + -443. Calculate the remainder when (-4)/(-6) + h/6 is divided by j.
18
Let z = -833 - -867. What is the remainder when z is divided by 14?
6
Suppose 87 = 3*k - 8*k + 2*g, -4*k = g + 67. Let y be (-1)/(-1)*1*k. Let p = 37 - y. What is the remainder when p is divided by 14?
12
What is the remainder when 77 is divided by ((-154)/(-7) - 1) + 7?
21
Suppose -75 = 4*v + 9. Let a = -59 + 99. Let r = v + a. What is the remainder when r is divided by 4?
3
Suppose -3*n = -n - 84. Suppose -53 - n = -5*q. Calculate the remainder when q is divided by 8/((-3)/(-3)) - 1.
5
Let x be 17785/75 + 2/(-15). Let o = x - 157. What is the remainder when o is divided by 28?
24
Let j = -120 + 130. Calculate the remainder when 47 is divided by j.
7
Let i(f) = -26*f - 31. Let k(p) = p + 104. What is the remainder when k(0) is divided by i(-2)?
20
Let d(b) = b**3 - 16*b**2 - 9*b + 11. Let l be d(9). Calculate the remainder when 43 is divided by (-318)/(-14) + (-13)/(l/14).
20
Let x(m) = 3*m**3 - m**2 + m. Let g be x(1). Suppose -g*s - b = -4*s + 14, 0 = -3*s + b + 38. What is the remainder when 46 is divided by s?
10
Calculate the remainder when (-1461)/(-15) + (-18)/45 is divided by 17.
12
Suppose -636 = -5*l + d, -9*l + 8*l + 5*d + 132 = 0. Calculate the remainder when l is divided by 12.
7
Suppose -3*y - y = -92. Suppose 0 = -10*d + 14*d - 284. Calculate the remainder when d is divided by y + 5 + -2 - 2.
23
Let y(o) = -o**3 - 28*o**2 - 3*o - 38. Calculate the remainder when 157 is divided by y(-28).
19
Let v(o) = -o**3 + 39*o**2 - 108*o + 73. Calculate the remainder when v(36) is divided by 38.
35
Let i(z) = -z**3 + 14*z**2 - 35*z - 5. Calculate the remainder when 228 is divided by i(6).
9
Suppose 0 = -4*p - 64*p + 1360. Calculate the remainder when 354 is divided by p.
14
Suppose y + 4*k - 58 = 5*k, 4*k - 174 = -3*y. Let w = y - 52. What is the remainder when 45 is divided by w?
3
Let m(s) = -2*s**3 - 4*s**2 - s - 4. Let z be m(-4). Let a = z + -26. What is the remainder when a is divided by -1 + (495/5)/9?
8
Let g be ((-4)/(-12))/(1/(-3)). Let z(c) = -c**3 + 3*c**2 - 6*c + 10. What is the remainder when (g/(-1))/((-2)/(-8)) is divided by z(2)?
0
Let c = -22 + 24. Suppose -c*h + 4 = 2*h. Calculate the remainder when 41 is divided by (h - -2 - -18)*1.
20
Suppose -4*p - 16 = 0, o + 236 = 3*o - p. What is the remainder when o is divided by 17?
14
Let u = -181 + 194. Calculate the remainder when u is divided by 10/4*(2 + 0).
3
Suppose 4*n - 116 = -4*g, 0 = -2*g + 4*g + 3*n - 61. Let f = -52 + g. Let p = -15 - f. What is the remainder when 42 is divided by p?
9
Let x(z) = 57*z - 105. Calculate the remainder when x(5) is divided by 14.
12
Let d be (140/(-15))/(-2) - (-6)/(-9). Calculate the remainder when 113 is divided by d*2/28 - 1608/(-56).
26
Let x = 398 + -385. What is the remainder when 48 is divide